rmine k(4).
-7
Let x(r) = r + 5. Calculate x(-12).
-7
Let h(t) = -t - 3. Give h(-4).
1
Let z(x) = 2*x**3 + 5*x**2 - 2*x + 2. Give z(-4).
-38
Let u(q) = 4*q**2 + 72*q + 73. Determine u(-17).
5
Let x(c) = 92*c + 10. Calculate x(-1).
-82
Let t(b) = -b**3 + 10*b**2 + 25*b + 4. Determine t(11).
158
Let q(l) = -3*l - 24. Calculate q(-10).
6
Let v(i) = -i**2 - 2*i + 15. Calculate v(-6).
-9
Let d(z) = 4*z - 13. Give d(5).
7
Let o(c) = c**2 + 32*c + 151. Give o(-6).
-5
Let l(n) = -n**2 + 36*n - 267. Calculate l(24).
21
Let g(v) = v**3 + 16*v**2 + v + 18. Give g(-16).
2
Let u(x) = -x + 10. Determine u(3).
7
Let p(g) = -g**3 - 8*g**2 - 7*g - 2. Determine p(-7).
-2
Let v(l) = 2*l**2 + 8*l - 1. Give v(-6).
23
Let f(u) = u**2 + u + 8. Determine f(-4).
20
Let n(u) = -2*u + 34. Give n(13).
8
Let t(v) = v**3 - 8*v**2 + 8*v - 3. Give t(5).
-38
Let f(u) = -3*u + 22. Calculate f(9).
-5
Let j(m) = 39*m - 134. Calculate j(4).
22
Let l(x) = 21*x + 2. Give l(-1).
-19
Let l(g) = 8*g - 24. What is l(10)?
56
Let r(c) = -2*c**2 - 14*c - 8. Determine r(-5).
12
Let o(n) = -2*n + 5. Give o(4).
-3
Let i(b) = 19*b - 594. Determine i(31).
-5
Let p(w) = w**2 + 10*w + 17. Calculate p(-6).
-7
Let p(k) = 3*k**2 + 9*k - 2. Determine p(-4).
10
Let k(t) = -4*t - 114. What is k(-20)?
-34
Let k(x) = -32*x + 3. Determine k(-1).
35
Let q(l) = 3*l**2 + 11*l - 1. What is q(-3)?
-7
Let j(f) = f**2 - 7*f + 10. What is j(6)?
4
Let u(b) = 21*b**2. Calculate u(1).
21
Let i(b) = -b**2 + 8*b + 3. What is i(8)?
3
Let t(r) = -539*r + 537. Determine t(1).
-2
Let f(n) = 4*n + 16. Give f(-4).
0
Let n(y) = 2*y**2 + 55*y + 165. Calculate n(-24).
-3
Let m(f) = -10*f**2 + 2*f - 1. What is m(-2)?
-45
Let r(p) = -3*p**3 - 1. Give r(-1).
2
Let w(r) = -22*r + 1018. What is w(46)?
6
Let d(o) = 3*o**3 + 14*o**2 - 18*o - 62. Determine d(-5).
3
Let t(h) = -3*h - 6. What is t(6)?
-24
Let i(o) = -o**3 - 13*o**2 + 15*o + 10. Calculate i(-14).
-4
Let a(c) = -5*c - 16. Give a(0).
-16
Let q(r) = -4*r**2 - 44*r. Calculate q(-11).
0
Let i(x) = -x**2 - 16*x - 9. Determine i(-15).
6
Let z(v) = v - 9. Determine z(5).
-4
Let z(d) = d**2 - 16*d - 29. Give z(16).
-29
Let c(s) = 12*s + 10. What is c(2)?
34
Let w(g) = -10*g - 123. Determine w(-13).
7
Let x(a) = -26*a**2 + a - 1. Calculate x(1).
-26
Let g(p) = -23*p - 2. Determine g(-2).
44
Let a(q) = 4*q**2 - 15*q + 23. Determine a(2).
9
Let u(d) = -d**2 - 22*d - 63. What is u(-19)?
-6
Let o(q) = q**3 - 15*q**2 + 16*q - 11. Calculate o(14).
17
Let i(g) = 4*g - 9. Determine i(15).
51
Let j(g) = 24*g + 133. Determine j(-5).
13
Let v(y) = y**2 + 22*y + 64. Give v(-11).
-57
Let y(a) = a**3 + 8*a**2 + 2*a - 5. Determine y(-4).
51
Let k(q) = -q**3 - 9*q**2 + 4*q + 2. Give k(-9).
-34
Let a(z) = 5*z. Determine a(0).
0
Let k(y) = 2*y**2 + 5*y + 4. Give k(-7).
67
Let r(w) = 5*w - 82. Calculate r(7).
-47
Let d(k) = -k**3 + 14*k**2 - 2*k + 5. Determine d(14).
-23
Let k(l) = -4*l**2 - 4*l + 1. Give k(-3).
-23
Let c(k) = 3*k**3 + k**2 + k. Determine c(-1).
-3
Let h(t) = t - 28. What is h(0)?
-28
Let v(l) = -5*l**2 - 3*l + 1. Determine v(1).
-7
Let g(o) = -o**3 + 10*o**2 - 19*o + 35. Determine g(8).
11
Let a(t) = -t**2 + 14*t - 5. Determine a(14).
-5
Let l(i) = -i**2 + i + 120. What is l(0)?
120
Let y(g) = -2*g**2 + 6*g - 2. Determine y(3).
-2
Let x(g) = g**3 + g**2 - 10*g - 1. Calculate x(-4).
-9
Let r(m) = -m**3 + 70*m**2 + 70*m + 77. Determine r(71).
6
Let v(l) = 2*l**3 - 18*l**2 + 10*l + 11. Calculate v(8).
-37
Let h(n) = n**2 + 16*n - 14. Give h(-16).
-14
Let g(i) = -i + 11. Determine g(2).
9
Let c(l) = -22*l - 1. Determine c(3).
-67
Let h(o) = -o**2 + 8*o - 4. What is h(5)?
11
Let z(w) = -w**3 - 10*w**2 + 7. Calculate z(-10).
7
Let i(z) = z**3 - 10*z**2 - 26*z + 15. What is i(12)?
-9
Let k(c) = -c**2 + 18*c - 42. Give k(15).
3
Let l(g) = g**3 + 2*g**2 + 4*g - 7. Give l(-5).
-102
Let x(f) = 34*f - 46. Give x(3).
56
Let p(i) = i**3 + 6*i**2 - 7*i - 1. Determine p(-5).
59
Let b(j) = j**3 + 7*j**2 + 9*j - 7. Calculate b(-6).
-25
Let c(i) = i + 1. Calculate c(5).
6
Let z(u) = u**3 - u**2 + 2*u + 8. Give z(-4).
-80
Let p(t) = 2*t**2 - 51*t + 10. What is p(25)?
-15
Let z(h) = h**2 + 2*h - 12. Calculate z(2).
-4
Let c(l) = -l**3 - 8*l**2 + 3*l + 9. Determine c(-8).
-15
Let y(o) = -o - 1. Determine y(-22).
21
Let x(j) = -11*j + 41. Determine x(4).
-3
Let n(o) = -10*o - 124. Give n(-13).
6
Let w(i) = i**2 + 17*i + 41. Determine w(-15).
11
Let z(n) = -7*n - 19. What is z(-3)?
2
Let r(q) = q - 11. Determine r(13).
2
Let r(k) = 83*k**2 - 5*k + 4. Give r(1).
82
Let r(k) = -k**2 + 6*k - 5. Give r(3).
4
Let q(l) = 8*l - 2. Calculate q(4).
30
Let a(c) = 9*c - 64. Determine a(9).
17
Let o(p) = p**3 + 12*p**2 + 12*p - 10. Determine o(-11).
-21
Let z(v) = v**3 - 3*v**2 - 12*v - 17. Determine z(6).
19
Let o(d) = -d**3 - 22*d**2 - 20*d + 26. Give o(-21).
5
Let x(o) = o**3 - 10*o**2 + 5*o + 46. Determine x(9).
10
Let h(w) = -w**3 - 4*w**2 - 9*w + 3. Give h(-4).
39
Let w(p) = p**3 + 11*p**2 - 4*p + 30. What is w(-9)?
228
Let v(p) = 10*p + 200. Determine v(-20).
0
Let c(w) = -w**3 - 7*w**2 - 6*w - 6. Give c(-6).
-6
Let x(z) = 9*z - 106. Calculate x(10).
-16
Let z(c) = -27*c + 2. Determine z(-4).
110
Let p(k) = k**2 - 4*k - 46. Give p(10).
14
Let u(g) = -g**3 - 2*g**2 + 7*g + 4. Calculate u(-5).
44
Let m(k) = 7*k - 174. What is m(23)?
-13
Let v(l) = l**2 + 9*l + 6. Calculate v(-5).
-14
Let o(u) = -2*u**2 - 6*u + 5. What is o(-5)?
-15
Let h(v) = v**3 + 7*v**2 - 5*v + 5. Give h(-8).
-19
Let d(i) = 7*i - 3. Calculate d(-1).
-10
Let b(o) = -2*o**2 - o + 2. What is b(3)?
-19
Let y(m) = 2*m**2 - m - 48. Give y(0).
-48
Let v(o) = -o**3 + 4*o**2 - 3*o + 2. Give v(3).
2
Let s(t) = t**3 - 7*t**2 + 9*t + 1. Give s(5).
-4
Let y(k) = 5*k - 6. Give y(8).
34
Let v(n) = 8*n - 134. What is v(18)?
10
Let h(d) = 6*d - 11. What is h(8)?
37
Let c(k) = -2*k**3 + 2*k**2 - 4*k - 1. Calculate c(2).
-17
Let r(o) = o - 15. Give r(12).
-3
Let x(h) = -2*h**2 - 9*h - 12. Determine x(-4).
-8
Let b(o) = -12*o + 36. Calculate b(3).
0
Let j(v) = v**2 + 39*v - 483. What is j(10)?
7
Let w(c) = -c + 3. What is w(-3)?
6
Let o(n) = n**2 + 6*n - 20. What is o(8)?
92
Let m(p) = -p**2 + 29*p - 124. What is m(24)?
-4
Let v(t) = -t**2 - 15*t - 2. Calculate v(-15).
-2
Let x(h) = -4*h + 51. Determine x(15).
-9
Let v(c) = -c**2 + 17*c - 70. Determine v(10).
0
Let o(y) = -30*y - 15. What is o(-1)?
15
Let x(j) = j. Calculate x(-4).
-4
Let m(c) = c**3 + c**2 + 7*c + 6. What is m(-4)?
-70
Let v(j) = -j - 10. Calculate v(-10).
0
Let x(i) = -i**2 - 4*i - 15. Calculate x(-6).
-27
Let x(l) = 5*l**3 + l**2 - 1. Determine x(2).
43
Let s(q) = q**3 + 7*q**2 + 9*q + 58. What is s(-7)?
-5
Let x(m) = -4*m**3 - 2*m - 1. Give x(-1).
5
Let d(h) = h + 10. Calculate d(7).
17
Let r(i) = -i**3 + 8*i**2 + 12*i - 7. Determine r(9).
20
Let t(w) = 3*w - 6. Calculate t(-8).
-30
Let o(z) = 9*z - 1. Give o(2).
17
Let o(f) = 2*f**2 + 8*f + 12. What is o(-8)?
76
Let b(v) = v - 3. What is b(-5)?
-8
Let a(i) = -i**2 + 5*i + 7. Determine a(8).
-17
Let a(p) = -2*p**2 + 8*p + 25. What is a(-6)?
-95
Let g(k) = k + 29. What is g(0)?
29
Let l(i) = 33*i**3 + 2*i**2 - i. Determine l(1).
34
Let s(y) = -y**3 + 3*y**2 + 13*y - 15. Give s(5).
0
Let x(t) = 2*t**3 + t**2 - 1. Determine x(-2).
-13
Let i(y) = -2*y**2 + y - 2. Calculate i(-2).
-12
Let m(d) = -d**3 + 5*d**2 - 3*d + 3. Give m(4).
7
Let g(p) = -p**3 - 16*p**2 - 15*p - 22. Calculate g(-15).
-22
Let u(v) = -v**3 + 8*v**2 - 3*v - 8. Determine u(8).
-32
Let a(l) = 3*l + 2. Give a(-7).
-19
Let j(q) = -5*q - 17. What is j(-4)?
3
Let l(i) = i**3 + 4*i**2 - 4*i - 6. Determine l(-5).
-11
Let m(d) = 3*d**2 - 6*d - 2. Calculate m(3).
7
Let j(q) = -q**3 + 5*q**2 + 7*q - 3. What is j(6)?
3
Let f(s) = -4*s**3 - 2*s**2 + 9*s + 6. Determine f(-2).
12
Let p(k) = k**3 + 27*k**2 + 26*k. Give p(-26).
0
Let a(z) = 19*z**3 + 3*z**2 + 2*z. Give a(-1).
-18
Let o(y) = -2*y + 24. Calculate o(7).
10
Let p(z) = z**3 + 35*z**2 + 32*z - 68. What is p(-34)?
0
Let y(t) = t**3 - 7*t**2 + 4*t - 8. What is y(6)?
-20
Let z(m) = m**3 + m - 6. Give z(0).
-6
Let i(n) = n**3 + 4*n**2 + 4*n - 2. Determine i(-2).
-2
Let f(p) = -p + 11. Calculate f(15).
-4
Let p(w) = -w - 1. Give p(-5).
4
Let z(q) = -q**3 + 20*q**2 + 19*q + 19. Give z(21).
-23
Let a(y) = -3*y + 27. Determine a(11).